{"id":387,"date":"2025-08-08T13:15:05","date_gmt":"2025-08-08T11:15:05","guid":{"rendered":"https:\/\/tablao.mlgserver.com\/?page_id=387"},"modified":"2025-08-08T13:15:05","modified_gmt":"2025-08-08T11:15:05","slug":"politica-de-cookies","status":"publish","type":"page","link":"https:\/\/tablao.mlgserver.com\/index.php\/politica-de-cookies\/","title":{"rendered":"Pol\u00edtica de Cookies"},"content":{"rendered":"<p data-start=\"2381\" data-end=\"2611\"><strong data-start=\"2381\" data-end=\"2423\">1. Definici\u00f3n y funci\u00f3n de las cookies<\/strong><br data-start=\"2423\" data-end=\"2426\" \/>Las cookies son peque\u00f1os archivos de datos que se descargan en su dispositivo al acceder a determinadas p\u00e1ginas web y que permiten almacenar y recuperar informaci\u00f3n sobre la navegaci\u00f3n.<\/p>\n<p data-start=\"2613\" data-end=\"2703\"><strong data-start=\"2613\" data-end=\"2647\">2. Tipos de cookies utilizadas<\/strong><br data-start=\"2647\" data-end=\"2650\" \/>En este Sitio Web se utilizan las siguientes cookies:<\/p>\n<ul>\n<li data-start=\"2707\" data-end=\"2807\"><strong data-start=\"2707\" data-end=\"2728\">Cookies t\u00e9cnicas:<\/strong> necesarias para el funcionamiento b\u00e1sico de la web y la gesti\u00f3n de reservas.<\/li>\n<li data-start=\"2810\" data-end=\"2889\"><strong data-start=\"2810\" data-end=\"2841\">Cookies de personalizaci\u00f3n:<\/strong> permiten recordar preferencias de navegaci\u00f3n.<\/li>\n<li data-start=\"2892\" data-end=\"3046\"><strong data-start=\"2892\" data-end=\"2916\">Cookies de an\u00e1lisis:<\/strong> permiten cuantificar el n\u00famero de usuarios y realizar medici\u00f3n y an\u00e1lisis estad\u00edstico del uso que hacen los usuarios de la web.<\/li>\n<li data-start=\"3049\" data-end=\"3137\"><strong data-start=\"3049\" data-end=\"3073\">Cookies de terceros:<\/strong> por ejemplo, Google Analytics o herramientas de redes sociales.<\/li>\n<\/ul>\n<p data-start=\"3139\" data-end=\"3412\"><strong data-start=\"3139\" data-end=\"3164\">3. Gesti\u00f3n de cookies<\/strong><br data-start=\"3164\" data-end=\"3167\" \/>Puede permitir, bloquear o eliminar las cookies instaladas en su equipo mediante la configuraci\u00f3n de las opciones del navegador. En los siguientes enlaces encontrar\u00e1 informaci\u00f3n para configurar el uso de cookies en los navegadores m\u00e1s comunes:<\/p>\n<ul>\n<li data-start=\"3415\" data-end=\"3486\"><a class=\"cursor-pointer\" target=\"_new\" rel=\"noopener\" data-start=\"3415\" data-end=\"3484\">Google Chrome<\/a><\/li>\n<li data-start=\"3489\" data-end=\"3560\"><a class=\"cursor-pointer\" target=\"_new\" rel=\"noopener\" data-start=\"3489\" data-end=\"3558\">Mozilla Firefox<\/a><\/li>\n<li data-start=\"3563\" data-end=\"3633\"><a class=\"cursor-pointer\" target=\"_new\" rel=\"noopener\" data-start=\"3563\" data-end=\"3631\">Safari<\/a><\/li>\n<li data-start=\"3636\" data-end=\"3734\"><a class=\"cursor-pointer\" target=\"_new\" rel=\"noopener\" data-start=\"3636\" data-end=\"3732\">Microsoft Edge<\/a><\/li>\n<\/ul>\n<p data-start=\"3736\" data-end=\"3932\"><strong data-start=\"3736\" data-end=\"3782\">4. Actualizaci\u00f3n de la pol\u00edtica de cookies<\/strong><br data-start=\"3782\" data-end=\"3785\" \/>El titular podr\u00e1 modificar esta pol\u00edtica de cookies en funci\u00f3n de cambios legislativos o por cambios en la configuraci\u00f3n de las cookies utilizadas.<\/p>\n","protected":false},"excerpt":{"rendered":"<p>1. Definici\u00f3n y funci\u00f3n de las cookiesLas cookies son peque\u00f1os archivos de datos que se descargan en su dispositivo al [&hellip;]<\/p>\n","protected":false},"author":1,"featured_media":0,"parent":0,"menu_order":0,"comment_status":"closed","ping_status":"closed","template":"","meta":{"site-sidebar-layout":"default","site-content-layout":"","ast-site-content-layout":"default","site-content-style":"default","site-sidebar-style":"default","ast-global-header-display":"","ast-banner-title-visibility":"","ast-main-header-display":"","ast-hfb-above-header-display":"","ast-hfb-below-header-display":"","ast-hfb-mobile-header-display":"","site-post-title":"","ast-breadcrumbs-content":"","ast-featured-img":"","footer-sml-layout":"","theme-transparent-header-meta":"default","adv-header-id-meta":"","stick-header-meta":"","header-above-stick-meta":"","header-main-stick-meta":"","header-below-stick-meta":"","astra-migrate-meta-layouts":"set","ast-page-background-enabled":"default","ast-page-background-meta":{"desktop":{"background-color":"var(--ast-global-color-5)","background-image":"","background-repeat":"repeat","background-position":"center center","background-size":"auto","background-attachment":"scroll","background-type":"","background-media":"","overlay-type":"","overlay-color":"","overlay-opacity":"","overlay-gradient":""},"tablet":{"background-color":"","background-image":"","background-repeat":"repeat","background-position":"center center","background-size":"auto","background-attachment":"scroll","background-type":"","background-media":"","overlay-type":"","overlay-color":"","overlay-opacity":"","overlay-gradient":""},"mobile":{"background-color":"","background-image":"","background-repeat":"repeat","background-position":"center center","background-size":"auto","background-attachment":"scroll","background-type":"","background-media":"","overlay-type":"","overlay-color":"","overlay-opacity":"","overlay-gradient":""}},"ast-content-background-meta":{"desktop":{"background-color":"var(--ast-global-color-4)","background-image":"","background-repeat":"repeat","background-position":"center center","background-size":"auto","background-attachment":"scroll","background-type":"","background-media":"","overlay-type":"","overlay-color":"","overlay-opacity":"","overlay-gradient":""},"tablet":{"background-color":"var(--ast-global-color-4)","background-image":"","background-repeat":"repeat","background-position":"center center","background-size":"auto","background-attachment":"scroll","background-type":"","background-media":"","overlay-type":"","overlay-color":"","overlay-opacity":"","overlay-gradient":""},"mobile":{"background-color":"var(--ast-global-color-4)","background-image":"","background-repeat":"repeat","background-position":"center center","background-size":"auto","background-attachment":"scroll","background-type":"","background-media":"","overlay-type":"","overlay-color":"","overlay-opacity":"","overlay-gradient":""}},"_joinchat":[],"footnotes":""},"class_list":["post-387","page","type-page","status-publish","hentry"],"_links":{"self":[{"href":"https:\/\/tablao.mlgserver.com\/index.php\/wp-json\/wp\/v2\/pages\/387","targetHints":{"allow":["GET"]}}],"collection":[{"href":"https:\/\/tablao.mlgserver.com\/index.php\/wp-json\/wp\/v2\/pages"}],"about":[{"href":"https:\/\/tablao.mlgserver.com\/index.php\/wp-json\/wp\/v2\/types\/page"}],"author":[{"embeddable":true,"href":"https:\/\/tablao.mlgserver.com\/index.php\/wp-json\/wp\/v2\/users\/1"}],"replies":[{"embeddable":true,"href":"https:\/\/tablao.mlgserver.com\/index.php\/wp-json\/wp\/v2\/comments?post=387"}],"version-history":[{"count":1,"href":"https:\/\/tablao.mlgserver.com\/index.php\/wp-json\/wp\/v2\/pages\/387\/revisions"}],"predecessor-version":[{"id":388,"href":"https:\/\/tablao.mlgserver.com\/index.php\/wp-json\/wp\/v2\/pages\/387\/revisions\/388"}],"wp:attachment":[{"href":"https:\/\/tablao.mlgserver.com\/index.php\/wp-json\/wp\/v2\/media?parent=387"}],"curies":[{"name":"wp","href":"https:\/\/api.w.org\/{rel}","templated":true}]}}